mon divisor of 152 and 2261.
19
What is the highest common divisor of 138360 and 72?
24
What is the highest common factor of 186 and 93?
93
What is the greatest common factor of 14554 and 190?
38
Calculate the highest common divisor of 7980 and 19.
19
Calculate the greatest common factor of 165 and 172095.
165
What is the highest common factor of 152 and 248102?
38
Calculate the greatest common factor of 21158 and 48564.
142
Calculate the greatest common factor of 7784 and 1529.
139
What is the highest common divisor of 1972 and 9112?
68
What is the highest common divisor of 754 and 50054?
58
What is the greatest common divisor of 538878 and 1956?
978
Calculate the highest common divisor of 8826 and 318.
6
What is the greatest common divisor of 13688 and 14384?
232
Calculate the highest common factor of 173 and 2145373.
173
What is the highest common divisor of 1755 and 620325?
135
What is the highest common divisor of 403 and 679799?
31
Calculate the highest common factor of 22494 and 15974.
326
What is the greatest common factor of 1512 and 1620?
108
What is the greatest common divisor of 84308 and 112?
28
Calculate the highest common factor of 63672 and 784.
56
Calculate the greatest common factor of 420 and 68980.
20
Calculate the highest common factor of 135179 and 11.
11
What is the greatest common factor of 6804 and 20736?
324
What is the highest common factor of 27 and 6984?
9
What is the highest common divisor of 269737 and 13?
13
What is the highest common divisor of 775 and 222115?
155
Calculate the highest common divisor of 490 and 43477.
7
What is the highest common divisor of 161164 and 172?
172
What is the highest common factor of 109 and 453331?
109
What is the highest common factor of 984940 and 3404?
148
What is the highest common divisor of 47034 and 650?
26
What is the greatest common divisor of 122482 and 1645?
47
Calculate the highest common divisor of 67158 and 208.
26
What is the highest common divisor of 238 and 9478?
14
What is the greatest common divisor of 31226 and 3653?
13
Calculate the highest common factor of 1879566 and 78.
78
Calculate the greatest common factor of 1612 and 73935.
31
What is the greatest common factor of 17694 and 243?
9
Calculate the greatest common factor of 360 and 102520.
40
What is the greatest common factor of 31 and 706?
1
Calculate the greatest common divisor of 180 and 1532.
4
Calculate the greatest common divisor of 7042 and 9814.
14
Calculate the highest common divisor of 225 and 458355.
15
Calculate the highest common factor of 3230850 and 1428.
714
What is the highest common divisor of 31372 and 248?
124
What is the greatest common factor of 628 and 1732966?
314
What is the highest common divisor of 638979 and 402?
201
What is the greatest common divisor of 255 and 436050?
255
What is the greatest common factor of 14400 and 38592?
576
What is the greatest common factor of 36325 and 35?
5
Calculate the highest common factor of 1581 and 10695.
93
Calculate the highest common factor of 1545 and 33.
3
Calculate the greatest common divisor of 6184454 and 274.
274
Calculate the highest common factor of 22 and 3100779.
11
What is the greatest common factor of 420 and 376180?
140
What is the greatest common factor of 11 and 1265737?
11
Calculate the highest common divisor of 179 and 1.
1
Calculate the greatest common factor of 3395 and 5.
5
What is the greatest common factor of 46669 and 4543?
413
What is the highest common divisor of 110 and 34496?
22
Calculate the highest common factor of 24552 and 528.
264
Calculate the greatest common divisor of 360 and 24840.
360
What is the highest common factor of 7308 and 262479?
609
Calculate the highest common factor of 83153 and 140851.
1697
What is the greatest common divisor of 678 and 237074?
226
What is the highest common divisor of 4 and 825868?
4
Calculate the greatest common factor of 1916375 and 125.
125
What is the highest common divisor of 87289 and 41?
41
What is the greatest common factor of 104 and 2806024?
104
What is the greatest common divisor of 43643 and 247?
19
Calculate the highest common divisor of 177674 and 252.
14
Calculate the greatest common factor of 88450 and 150.
50
Calculate the greatest common divisor of 311436 and 9.
9
What is the highest common divisor of 210 and 5994?
6
What is the highest common divisor of 226499 and 182?
91
Calculate the highest common factor of 23278 and 452.
226
What is the greatest common divisor of 149208 and 48?
24
Calculate the highest common factor of 782 and 20746.
46
What is the highest common factor of 304 and 149416?
152
What is the highest common divisor of 717 and 239?
239
What is the highest common divisor of 1047590 and 30?
10
Calculate the highest common factor of 310 and 746945.
155
What is the highest common divisor of 1089 and 78045?
363
What is the greatest common divisor of 1030 and 2637830?
1030
Calculate the greatest common factor of 1840302 and 38.
38
What is the highest common factor of 14287 and 72254?
91
Calculate the greatest common factor of 132 and 346992.
12
What is the greatest common divisor of 401267 and 533?
41
What is the greatest common factor of 235 and 10015?
5
What is the highest common divisor of 35206 and 29?
29
Calculate the greatest common divisor of 209 and 2893.
11
What is the greatest common factor of 350504 and 1848?
616
Calculate the highest common factor of 560612 and 52.
52
What is the greatest common divisor of 900 and 140220?
180
What is the highest common divisor of 38266 and 16606?
722
Calculate the highest common divisor of 2749341 and 6.
3
What is the greatest common divisor of 3634 and 3792?
158
Calculate the greatest common divisor of 3056 and 5921.
191
Calculate the highest common factor of 286 and 46211.
11
Calculate the highest common factor of 1455 and 435.
15
What is the highest common factor of 483058 and 21073?
1621
What is the greatest common divisor of 2920 and 9?
1
Calculate the highest common divisor of 267490 and 2070.
230
Calculate the greatest common divisor of 1016 and 84.
4
Calculate the highest common divisor of 158 and 30613606.
158
What is the highest common divisor of 15385 and 51?
17
Calculate the highest common divisor of 34 and 3013403.
17
Calculate the greatest common divisor of 2064 and 151188.
516
What is the greatest common divisor of 1133 and 957?
11
What is the highest common factor of 760 and 790?
10
What is the greatest common factor of 330 and 685500?
30
What is the highest common factor of 1376550 and 84?
42
Calculate the greatest common divisor of 6440 and 7924.
28
Calculate the highest common factor of 212034 and 114.
6
Calculate the highest common divisor of 187 and 1397.
11
What is the greatest common factor of 502440 and 375?
15
Calculate the highest common divisor of 90131 and 772.
193
What is the greatest common divisor of 498687 and 42?
21
What is the greatest common factor of 6 and 2764626?
6
Calculate the greatest common factor of 8664 and 9025.
361
What is the highest common factor of 35 and 11190?
5
Calculate the highest common divisor of 575898 and 954.
318
What is the greatest common factor of 247 and 827879?
13
Calculate the highest common factor of 716 and 180.
4
Calculate the highest common divisor of 26 and 3456622.
26
Calculate the highest common divisor of 3441 and 2553.
111
Calculate the highest common divisor of 11 and 222266.
11
What is the highest common divisor of 476 and 785484?
28
Calculate the greatest common factor of 4158 and 38346.
462
What is the highest common divisor of 7362 and 210?
6
Calculate the highest common factor of 4 and 2380828.
4
What is the highest common factor of 5246 and 1978?
86
Calculate the greatest common factor of 107146 and 8876.
634
Calculate the greatest common divisor of 285 and 1941.
3
What is the highest common factor of 34 and 2465?
17
Calculate the highest common factor of 9113 and 26.
13
What is the highest common divisor of 1705256 and 8?
8
What is the highest common divisor of 5370 and 43635?
15
Calculate the greatest common factor of 81958 and 4343.
43
What is the highest common factor of 698220 and 1215?
405
Calculate the greatest common factor of 23 and 8525341.
23
What is the highest common divisor of 4708 and 1498?
214
Calculate